-235413
-373 (base 8) to base 16
-fb
-28 (base 10) to base 9
-31
What is 84c (base 14) in base 6?
11324
What is 1111001110101101 (base 2) in base 16?
f3ad
Convert -112001 (base 3) to base 14.
-1d1
-7aa (base 13) to base 9
-1730
Convert -3402 (base 10) to base 7.
-12630
What is -34a4 (base 13) in base 12?
-4349
Convert -124430 (base 6) to base 2.
-10110010000010
Convert 1111101010001 (base 2) to base 12.
4781
What is -4432 (base 6) in base 10?
-1028
What is -10eb (base 15) in base 12?
-20b8
Convert -c13e (base 15) to base 2.
-1001111101010000
46 (base 10) to base 3
1201
Convert 794 (base 11) to base 15.
435
Convert -32b3 (base 16) to base 12.
-7617
What is 212430 (base 5) in base 16?
1c48
What is 501 (base 9) in base 4?
12112
What is -83 (base 13) in base 4?
-1223
Convert -747 (base 13) to base 10.
-1242
-1010100101 (base 2) to base 6
-3045
Convert 1332 (base 6) to base 4.
11120
Convert -1a01 (base 13) to base 6.
-30000
1111000 (base 2) to base 7
231
10000010101110 (base 2) to base 4
2002232
-258 (base 9) to base 14
-115
12144 (base 7) to base 8
6140
-8aa (base 11) to base 7
-3113
What is 58ee (base 16) in base 12?
11212
-11001100001 (base 2) to base 15
-73d
What is 3a49 (base 14) in base 12?
5b29
Convert 7092 (base 11) to base 9.
13824
84 (base 10) to base 9
103
What is 828 (base 15) in base 8?
3456
Convert -100111111001 (base 2) to base 12.
-1589
Convert -b66 (base 12) to base 11.
-1281
What is -fc0 (base 16) in base 9?
-5470
Convert 455433 (base 6) to base 16.
97ad
What is -b5c (base 14) in base 16?
-8be
What is 110100000010 (base 2) in base 3?
11120100
-12101123 (base 4) to base 11
-18336
What is -5b (base 15) in base 6?
-222
What is 61a (base 14) in base 12?
840
Convert -8165 (base 10) to base 12.
-4885
What is -33032 (base 6) in base 11?
-3472
2a86 (base 11) to base 4
331332
What is -12842 (base 10) in base 8?
-31052
-121243 (base 6) to base 5
-320213
457 (base 15) to base 3
1100101
What is 452 (base 12) in base 9?
778
Convert -2031 (base 4) to base 10.
-141
-2000210 (base 3) to base 10
-1479
Convert 1980 (base 12) to base 3.
11021120
What is 3950 (base 16) in base 6?
151532
-6b5 (base 12) to base 15
-46b
Convert -15c (base 16) to base 9.
-426
What is 132605 (base 8) in base 12?
22a85
What is -2588 (base 9) in base 12?
-115b
-62357 (base 8) to base 7
-135222
Convert -93 (base 16) to base 5.
-1042
What is -17627 (base 8) in base 11?
-6092
-37c5 (base 13) to base 5
-223220
What is 1011111010111 (base 2) in base 12?
3647
Convert 3a95 (base 13) to base 11.
634a
-200201 (base 3) to base 13
-2cb
What is -330 (base 12) in base 9?
-570
Convert 16161 (base 7) to base 10.
4551
What is 2084 (base 9) in base 7?
4321
22646 (base 7) to base 9
7872
Convert 21414 (base 6) to base 10.
2962
What is -63356 (base 10) in base 2?
-1111011101111100
-400a (base 11) to base 9
-7276
-11322 (base 4) to base 10
-378
Convert -11212112 (base 3) to base 15.
-10bb
What is -1123 (base 8) in base 16?
-253
What is -374a (base 13) in base 6?
-100140
What is 117614 (base 8) in base 7?
230036
Convert -1001001100001 (base 2) to base 3.
-20110021
351 (base 14) to base 4
22103
Convert -2c6 (base 14) to base 2.
-1000110110
What is 1224 (base 7) in base 6?
2043
What is 405354 (base 6) in base 13?
11938
Convert 121122 (base 6) to base 7.
43001
What is -21222 (base 4) in base 12?
-436
Convert 24254 (base 6) to base 11.
2749
1297 (base 11) to base 3
2022012
3414 (base 11) to base 5
120432
Convert 227 (base 8) to base 13.
b8
541 (base 14) to base 11
863
2120 (base 4) to base 6
412
What is 42401 (base 7) in base 8?
24367
What is -143430 (base 5) in base 7?
-23554
-10364 (base 8) to base 12
-2618
Convert -850 (base 10) to base 5.
-11400
What is -10401 (base 5) in base 3?
-222220
What is -b1 (base 16) in base 5?
-1202
-246643 (base 8) to base 11
-59197
Convert -489c (base 14) to base 11.
-958a
-eee (base 16) to base 10
-3822
Convert -25131 (base 12) to base 4.
-30101311
What is -2022012222 (base 3) in base 13?
-17852
What is -55d (base 15) in base 16?
-4bd
1110013 (base 4) to base 12
3147
Convert -535 (base 8) to base 2.
-101011101
Convert -1b805 (base 12) to base 10.
-40901
-1011122 (base 3) to base 7
-2330
Convert 152455 (base 8) to base 16.
d52d
33e (base 15) to base 16
2de
What is 6c8e (base 16) in base 14?
a1b0
Convert 11c (base 14) to base 3.
22020
What is -454 (base 7) in base 4?
-3223
What is 3136 (base 8) in base 15?
73a
Convert -3232123 (base 4) to base 6.
-154351
5451 (base 6) to base 13
757
Convert -7721 (base 8) to base 4.
-333101
Convert 1260 (base 8) to base 11.
576
What is -2ab1 (base 16) in base 3?
-112222210
What is -17044 (base 8) in base 5?
-221331
Convert 1141 (base 6) to base 5.
2102
12101111 (base 3) to base 5
111203
375 (base 11) to base 5
3240
What is -1057 (base 14) in base 15?
-c81
3b50 (base 16) to base 15
4774
-202220 (base 3) to base 16
-234
Convert -12014 (base 5) to base 11.
-734
Convert 22c (base 14) to base 7.
1155
Convert 738 (base 9) to base 11.
4a8
Convert 8c04 (base 13) to base 6.
230440
What is -2214303 (base 5) in base 15?
-b703
1010101110 (base 2) to base 11
574
-379 (base 12) to base 16
-20d
What is 665 (base 10) in base 14?
357
-104523 (base 6) to base 3
-110010020
What is 140012 (base 5) in base 9?
7647
What is 860 (base 12) in base 3?
1200100
Convert 241412 (base 6) to base 3.
1001221122
53 (base 16) to base 3
10002
What is 42542 (base 8) in base 10?
17762
-152 (base 14) to base 16
-10c
What is 31249 (base 10) in base 7?
160051
Convert -260 (base 7) to base 5.
-1030
Convert 130c (base 13) to base 7.
10630
What is -16263 (base 13) in base 11?
-2974a
Convert 9813 (base 11) to base 9.
18701
What is -3326 (base 9) in base 13?
-116a
-403 (base 5) to base 4
-1213
What is 2c9 (base 15) in base 16?
27f
750 (base 11) to base 2
1110000110
Convert 1012023 (base 4) to base 10.
4491
What is 4471 (base 8) in base 13?
10c8
Convert 1013130 (base 4) to base 2.
1000111011100
What is 312211 (base 4) in base 2?
110110100101
Convert -2250 (base 8) to base 12.
-834
What is 324321 (base 5) in base 16?
2bcb
What is -1431 (base 5) in base 10?
-241
Convert 1a4a (base 11) to base 6.
20003
-1020333 (base 4) to base 8
-11077
Convert -23154 (base 6) to base 13.
-1678
Convert -10293 (base 11) to base 6.
-153213
424 (base 7) to base 8
326
Convert -211220000 (base 3) to base 13.
-7797
What is 1442 (base 6) in base 2?
110000010
Convert 3511 (base 6) to base 4.
31003
Convert 3070 (base 8) to base 3.
2011222
-bba (base 13) to base 12
-11b8
11795 (base 12) to base 6
301105
-255 (base 11) to base 4
-10232
Convert 9a (base 13) to base 11.
106
What is 401501 (base 7) in base 5?
4132232
Convert -156bb (base 12) to base 6.
-352355
Convert 6421 (base 11) to base 10.
8493
bc (base 14) to base 11
141
Convert -40420 (base 7) to base 6.
-113234
a99c (base 14) to base 6
343502
Convert 120203 (base 4) to base 9.
2135
-a596 (base 14) to base 5
-1403202
-121330 (base 4) to base 5
-23120
-101001001101 (base 2) to base 5
-41022
Convert -931 (base 10) to base 8.
-1643
Convert 1296 (base 11) to base 4.
122032
What is -2101001 (base 3) in base 6?
-12001
46762 (base 8) to base 3
1000101001
What is 2ab (base 16) in base 2?
1010101011
-2121223 (base 4) to base 8
-23153
What is -78b3 (base 13) in base 6?
-210045
What is cc3 (base 14) in base 5?
40043
Convert -30c (base 16) to base 15.
-370
-10512 (base 9) to base 4
-1231001
c10 (base 16) to base 9
4211
What is -41044 (base 7) in base 16?
-26fb
Convert -1325 (base 7) to base 12.
-365
What is -11000011 (base 2) in base 12?
-143
What is -15c6 (base 14) in base 5?
-111043
Convert -5781 (base 11) to base 9.
-11364
341 (base 6) to base 9
157
-2215 (base 7) to base 9
-1074
Convert -1265 (base 7) to base 16.
-1e8
What is 2416 (base 9) in base 6?
12153
What is 62c5 (base 16) in base 4?
12023011
-10201000 (base 3) to base 16
-a8c
66cc (base 16) to base 5
1320231
-aa09 (base 16) to base 7
-240623
What is -6868 (base 13) in base 5?
-431440
Convert 1667 (base 9) to base 14.
672
252520 (base 7) to base 2
1011010111100100
Convert 12222202 (base 3) to base 5.
114432
What is 3042 (base 13) in base 10?
6645
Convert -1155 (base 9) to base 4.
-31130
a103 (base 13) to base 10
22142
-1332 (base 7) to base 9
-630
32110 (base 4) to base 3
1020221
Convert 357 (base 15) to